 53526504065 a prime number?
False
Is 425237577 prime?
False
Is 337040167 a composite number?
True
Is 1355984187 a composite number?
True
Is 2449518347 composite?
True
Is 8756884733 a prime number?
True
Is 49198425121 composite?
False
Is 258076223 a prime number?
True
Is 10209190349 a composite number?
True
Is 1324225739 a composite number?
False
Is 94134357743 prime?
True
Is 434704513 a composite number?
True
Is 16997557861 composite?
True
Is 504175597 prime?
True
Is 108914612699 a composite number?
False
Is 673967911 composite?
False
Is 64840863757 a composite number?
True
Is 56920143921 prime?
False
Is 14025820283 a prime number?
True
Is 23694552811 composite?
True
Is 542980001 a prime number?
True
Is 6958355293 a composite number?
False
Is 493160959 prime?
False
Is 154600807415 a composite number?
True
Is 14121816913 a prime number?
True
Is 2196393959 a composite number?
False
Is 6112859611 a prime number?
True
Is 14308209431 a prime number?
False
Is 4543834357 a composite number?
True
Is 18527334901 prime?
True
Is 2776242713 composite?
False
Is 5106851447 a prime number?
False
Is 2498281057 composite?
False
Is 17571430249 a prime number?
False
Is 102421436561 a prime number?
True
Is 1215028513 a composite number?
False
Is 4170187 a composite number?
True
Is 60042800141 prime?
False
Is 49862992441 prime?
False
Is 9026763817 a prime number?
True
Is 66186147497 composite?
True
Is 2690981621 a prime number?
False
Is 543538141 a composite number?
True
Is 1665282161 prime?
False
Is 4454697107 composite?
True
Is 204550663 composite?
True
Is 3129609179 prime?
True
Is 45056753507 prime?
True
Is 1525579553 a prime number?
False
Is 39401366387 a prime number?
False
Is 2703344239 a composite number?
False
Is 1149820201 composite?
False
Is 4326004574 prime?
False
Is 23628226489 composite?
True
Is 15070988327 a composite number?
False
Is 113072581 composite?
True
Is 7255752122 a prime number?
False
Is 20891197 prime?
True
Is 1109447239 composite?
True
Is 2336731937 prime?
False
Is 965649751 prime?
False
Is 2532435505 prime?
False
Is 1081028131 a prime number?
False
Is 1135852301 a prime number?
False
Is 47129289647 a prime number?
False
Is 23677531 a composite number?
True
Is 1505566471 a prime number?
True
Is 4027021 a composite number?
False
Is 8026893461 prime?
True
Is 15808545367 a composite number?
False
Is 360010091 a composite number?
True
Is 1224578713 composite?
False
Is 2074611757 a prime number?
True
Is 1173012143 prime?
True
Is 39513344303 composite?
False
Is 1049247233 composite?
True
Is 122198498311 prime?
False
Is 2584424113 composite?
True
Is 2300795821 a composite number?
True
Is 9937900939 prime?
False
Is 2290332113 a prime number?
True
Is 1659344173 a composite number?
False
Is 66205274285 composite?
True
Is 1022021279 a prime number?
True
Is 2339170321 a composite number?
False
Is 2162560931 prime?
False
Is 10018652907 a prime number?
False
Is 13938156941 composite?
True
Is 41562679309 prime?
False
Is 657362897 a composite number?
False
Is 1474607983 a composite number?
True
Is 40293433163 a composite number?
True
Is 13342774805 a composite number?
True
Is 200478407 prime?
True
Is 95854865305 a prime number?
False
Is 27980669 a prime number?
True
Is 840965891 prime?
True
Is 208033235437 prime?
False
Is 1937467513 composite?
False
Is 32570831 a prime number?
False
Is 746343943 composite?
True
Is 921604351 a composite number?
True
Is 16416252457 composite?
True
Is 11328037301 composite?
True
Is 8108559487 a prime number?
False
Is 788569961 prime?
True
Is 2117174183 composite?
False
Is 104437141667 composite?
False
Is 1794170761 a prime number?
False
Is 1231244501 a prime number?
True
Is 2260738871 a prime number?
True
Is 1663801259 prime?
True
Is 1241827913 composite?
False
Is 3795692921 composite?
True
Is 1281892043 a prime number?
False
Is 12713084141 a composite number?
False
Is 7484423545 a composite number?
True
Is 87035914201 composite?
False
Is 594212789 a prime number?
False
Is 17052961727 prime?
False
Is 52109994221 composite?
False
Is 3604600039 a prime number?
True
Is 2663732623 a prime number?
True
Is 11536832843 prime?
False
Is 313784633 a prime number?
False
Is 61316557013 a composite number?
False
Is 30174663353 composite?
False
Is 106816279213 composite?
True
Is 19185259141 prime?
False
Is 161055542491 a prime number?
True
Is 30445449941 prime?
True
Is 670052441 a prime number?
True
Is 5572143371 composite?
True
Is 738608981 composite?
True
Is 744929261 composite?
False
Is 1405399451 prime?
False
Is 1795116767 composite?
False
Is 897688679 a prime number?
True
Is 4080346703 a prime number?
True
Is 3276386131 composite?
False
Is 2807531366 a prime number?
False
Is 989993353 prime?
False
Is 345601247 a prime number?
False
Is 3309236617 prime?
True
Is 103807030315 a prime number?
False
Is 2611102931 prime?
False
Is 15041865173 a composite number?
False
Is 790502723 a prime number?
False
Is 5538377387 composite?
False
Is 1145866037 a prime number?
False
Is 3496679699 a composite number?
False
Is 64758411857 composite?
False
Is 597838679 a composite number?
True
Is 5063153327 a composite number?
True
Is 18807803907 composite?
True
Is 910551589 prime?
False
Is 2769363499 prime?
False
Is 1862259967 prime?
False
Is 184579459 a composite number?
False
Is 1351149577 prime?
True
Is 6439055241 a prime number?
False
Is 511611305 a composite number?
True
Is 1478283901 prime?
False
Is 218115277 a prime number?
True
Is 75038617 a composite number?
False
Is 7309219739 prime?
True
Is 893663647 composite?
False
Is 64934792803 a prime number?
False
Is 237286505609 prime?
True
Is 13678106527 composite?
False
Is 62390199415 a prime number?
False
Is 6618194933 a composite number?
True
Is 5079908513 composite?
False
Is 4970331637 a prime number?
True
Is 15967514483 a prime number?
True
Is 336973409 a prime number?
False
Is 1826991497 composite?
False
Is 7985385851 a composite number?
False
Is 4406358923 prime?
True
Is 91307461 a composite number?
True
Is 989183707 prime?
False
Is 95821867 prime?
True
Is 4597776977 a prime number?
False
Is 4467640679 composite?
True
Is 49972169497 a composite number?
False
Is 11140359949 a prime number?
True
Is 12867854543 a composite number?
False
Is 228292807 prime?
False
Is 82281151261 prime?
True
Is 966336699 a composite number?
True
Is 34032778211 a prime number?
False
Is 2842326073 prime?
True
Is 3073799503 composite?
True
Is 55936749982 composite?
True
Is 10573588613 a composite number?
True
Is 18837432401 prime?
True
Is 19710193439 a prime number?
False
Is 729844369 composite?
False
Is 1038135773 a composite number?
False
Is 4141458851 composite?
False
Is 294129938 a prime number?
False
Is 4200481127 prime?
False
Is 113509309 a prime number?
True
Is 2673921323 composite?
True
Is 118087793069 a prime number?
False
Is 2690530679 a prime number?
True
Is 3115572653 a prime number?
True
Is 558472699 a composite number?
False
Is 904896011 a prime number?
False
Is 70244285 a composite number?
True
Is 755576771 prime?
True
Is 168781297 composite?
True
Is 629695414 prime?
False
Is 10924605157 composite?
True
Is 104263427179 prime?
False
Is 78697646213 a prime number?
False
Is 908505319 prime?
True
Is 367754239 composite?
False
Is 79806578801 a prime number?
True
Is 676038653 composite?
True
Is 2576691463 composite?
True
Is 65877064549 a composite number?
False
Is 12462772921 composite?
False
Is 518152297 a prime number?
False
Is 469683647 a prime number?
True
Is 1008652919 a prime number?
False
Is 37843119995 a prime number?
False
Is 73933567 a composite number?
False
Is 7636630957 composite?
True
Is 299919847 a composite number?
True
Is 31472454089 composite?
False
Is 4859002807 prime?
False
Is 2092637431 a composite number?
False
Is 222000479797 composite?
False
Is 2386079203 a prime number?
True
Is 902004517 prime?
False
Is 3310374707 a composite number?
True
Is 477939769 prime?
False
Is 146524837 composite?
True
Is 102357708617 a prime number?
True
Is 3901938961 prime?
False
Is 10380648391 prime?
False
Is 5973373247 composite?
False
Is 980147309 a composite number?
True
Is 684001103 a prime number?
False
Is 35133021259 a prime number?
False
Is 2929220863 a prime number?
True
Is 36115304659 a composite 